926839?
1229, 235091
List the prime factors of 82962189.
3, 19, 109, 4451
List the prime factors of 242303240.
2, 5, 6057581
What are the prime factors of 283301381?
11, 19, 181, 7489
What are the prime factors of 4035744326?
2, 17401, 115963
What are the prime factors of 129317789?
2273, 56893
What are the prime factors of 52673588?
2, 11, 23, 31, 73
List the prime factors of 281838537.
3, 31315393
What are the prime factors of 215408366?
2, 353, 305111
List the prime factors of 3270078062.
2, 1635039031
List the prime factors of 1025610009.
3, 341870003
What are the prime factors of 17101695?
3, 5, 13, 87701
What are the prime factors of 1893561002?
2, 4783, 197947
List the prime factors of 5606002.
2, 2803001
List the prime factors of 153322053.
3, 51107351
What are the prime factors of 850921262?
2, 425460631
What are the prime factors of 458763773?
13, 23, 1534327
List the prime factors of 103745968.
2, 17, 381419
What are the prime factors of 22279470?
2, 3, 5, 167, 4447
List the prime factors of 28154565.
3, 5, 625657
What are the prime factors of 79526272?
2, 7, 17, 23, 227
List the prime factors of 1218400464.
2, 3, 53, 478931
What are the prime factors of 731167843?
7, 7673, 13613
List the prime factors of 499978521.
3, 7, 19, 37, 53, 71
What are the prime factors of 210365088?
2, 3, 61, 35923
List the prime factors of 36283559.
13, 17, 19, 8641
What are the prime factors of 26311454?
2, 13, 1011979
List the prime factors of 741142588.
2, 71, 2609657
What are the prime factors of 42674311?
4637, 9203
List the prime factors of 897434200.
2, 5, 13, 181, 1907
List the prime factors of 36224186.
2, 79, 229267
What are the prime factors of 3234712781?
3234712781
List the prime factors of 3114807180.
2, 3, 5, 19, 167, 16361
List the prime factors of 4837837237.
17, 313, 701, 1297
What are the prime factors of 836028452?
2, 7, 199, 150041
List the prime factors of 39167078.
2, 19583539
What are the prime factors of 826876581?
3, 3361, 82007
List the prime factors of 63365113.
7, 9052159
List the prime factors of 181015651.
29, 1657, 3767
What are the prime factors of 3215387708?
2, 13, 19, 3254441
List the prime factors of 262030089.
3, 43, 277, 7333
What are the prime factors of 1196288622?
2, 3, 163, 135911
What are the prime factors of 366887671?
29, 37, 341927
What are the prime factors of 49583701?
49583701
List the prime factors of 2409184327.
11, 47, 571, 8161
What are the prime factors of 2454161750?
2, 5, 9816647
What are the prime factors of 236516228?
2, 13, 29, 156841
List the prime factors of 60094349.
7, 43, 4643
What are the prime factors of 13772641?
61, 225781
What are the prime factors of 717199338?
2, 3, 119533223
What are the prime factors of 6915090?
2, 3, 5, 7, 13, 17, 149
What are the prime factors of 44778647?
44778647
What are the prime factors of 4078874227?
4078874227
What are the prime factors of 68623761?
3, 347, 65921
What are the prime factors of 64810728?
2, 3, 900149
List the prime factors of 582023186.
2, 17, 17118329
List the prime factors of 19111886.
2, 9555943
List the prime factors of 384265065.
3, 5, 73, 89, 3943
List the prime factors of 3999108452.
2, 179, 5585347
What are the prime factors of 70313500?
2, 5, 140627
What are the prime factors of 7481423196?
2, 3, 13, 277, 19237
List the prime factors of 166652096.
2, 13, 29, 6907
What are the prime factors of 1572806206?
2, 19, 2411, 17167
List the prime factors of 63546865.
5, 73, 174101
List the prime factors of 127830179.
137, 933067
List the prime factors of 220889741.
37, 5969993
What are the prime factors of 46992821?
53, 769, 1153
List the prime factors of 858584084.
2, 19, 691, 16349
List the prime factors of 75971593.
75971593
What are the prime factors of 5973461036?
2, 53, 1499, 18797
List the prime factors of 40218678.
2, 3, 631, 3541
List the prime factors of 47409093.
3, 173, 30449
What are the prime factors of 192859796?
2, 61, 83, 89, 107
What are the prime factors of 727143373?
11, 43, 1537301
List the prime factors of 369972156.
2, 3, 17, 47, 821
What are the prime factors of 1361384511?
3, 11719, 38723
List the prime factors of 1103025761.
83, 13289467
List the prime factors of 110763310.
2, 5, 7, 31, 51043
What are the prime factors of 52732434?
2, 3, 1979, 4441
What are the prime factors of 8505271?
43, 139, 1423
List the prime factors of 28711045.
5, 11, 17, 30707
List the prime factors of 299880533.
137, 2188909
List the prime factors of 146091427.
146091427
What are the prime factors of 22337772?
2, 3, 29, 64189
List the prime factors of 231601625.
5, 17, 73, 1493
What are the prime factors of 19534548?
2, 3, 11, 83, 1783
What are the prime factors of 278123461?
7, 11, 61, 769
List the prime factors of 204145248.
2, 3, 17, 67, 1867
List the prime factors of 26336934.
2, 3, 13, 37517
What are the prime factors of 677359754?
2, 269, 1259033
What are the prime factors of 81842712?
2, 3, 7, 269, 1811
What are the prime factors of 136270711?
8807, 15473
What are the prime factors of 196879177?
11, 2687, 6661
What are the prime factors of 479533763?
29, 16535647
List the prime factors of 4475988942.
2, 3, 41, 18195077
What are the prime factors of 176296316?
2, 7, 83, 10837
What are the prime factors of 51906775?
5, 2076271
List the prime factors of 471586802.
2, 19, 23, 539573
List the prime factors of 500105495.
5, 41, 277, 8807
What are the prime factors of 782296085?
5, 1051, 148867
List the prime factors of 8626840937.
11, 13, 59, 1022501
List the prime factors of 1323688569.
3, 7, 401, 157189
List the prime factors of 28731177.
3, 3192353
What are the prime factors of 2243789939?
2243789939
What are the prime factors of 95525407?
19, 5027653
List the prime factors of 30933638.
2, 821, 18839
What are the prime factors of 520398993?
3, 47, 3690773
List the prime factors of 161363354.
2, 17, 23, 206347
What are the prime factors of 453460510?
2, 5, 197, 383, 601
List the prime factors of 74424991.
29, 1597, 1607
List the prime factors of 101735979.
3, 43, 788651
List the prime factors of 1358755878.
2, 3, 226459313
What are the prime factors of 283593511?
283593511
List the prime factors of 2872821307.
103, 1783, 15643
List the prime factors of 2268211616.
2, 11, 73, 103, 857
What are the prime factors of 1540827228?
2, 3, 293, 438233
What are the prime factors of 50293185?
3, 5, 3352879
What are the prime factors of 379261909?
13, 1087, 26839
What are the prime factors of 1416314371?
1416314371
What are the prime factors of 183787480?
2, 5, 23, 107, 1867
What are the prime factors of 87874588?
2, 21968647
What are the prime factors of 183949534?
2, 41, 2243287
List the prime factors of 414460984.
2, 7, 19, 389531
What are the prime factors of 273493915?
5, 2269, 24107
List the prime factors of 2078352022.
2, 26053, 39887
What are the prime factors of 54415314?
2, 3, 335897
What are the prime factors of 32218317?
3, 397757
What are the prime factors of 34522437?
3, 31, 229, 1621
What are the prime factors of 4238179943?
313, 13540511
List the prime factors of 11822531.
7, 17, 99349
What are the prime factors of 1324512?
2, 3, 7, 73
What are the prime factors of 853776264?
2, 3, 11, 599, 5399
What are the prime factors of 43650410?
2, 5, 19, 229739
List the prime factors of 752406228.
2, 3, 7, 2985739
List the prime factors of 280196917.
7, 11, 13, 25447
What are the prime factors of 649638919?
10883, 59693
What are the prime factors of 76380871?
7, 67, 162859
List the prime factors of 83032350.
2, 3, 5, 553549
List the prime factors of 1120886.
2, 13, 19, 2269
What are the prime factors of 1302028796?
2, 823, 395513
What are the prime factors of 1072114912?
2, 11, 31, 98251
What are the prime factors of 1125345706?
2, 83, 81677
What are the prime factors of 46879087?
46879087
List the prime factors of 1107409514.
2, 553704757
List the prime factors of 3632233255.
5, 7, 23, 41, 110051
List the prime factors of 1827763026.
2, 3, 19, 41, 391049
What are the prime factors of 96947416?
2, 31, 431, 907
List the prime factors of 383369469.
3, 7, 37, 493397
List the prime factors of 76752043.
76752043
List the prime factors of 180332811.
3, 23, 96797
List the prime factors of 24079335.
3, 5, 7, 181
List the prime factors of 4948370